what is 0 + 1458911?
1458911
In base 13, what is -54650 + 1b?
-54632
In base 2, what is -10001100 + -101000000000?
-101010001100
In base 14, what is -61 - 415a?
-41bb
In base 7, what is 0 - -66263203?
66263203
In base 8, what is 2 - -130320452?
130320454
In base 2, what is -1010010100 + -100110111111?
-110001010011
In base 10, what is 7 + 4439059?
4439066
In base 5, what is -3 + 120410143100?
120410143042
In base 3, what is -10000 - -21221122200?
21221112200
In base 4, what is 20100321322 - 32?
20100321230
In base 10, what is -59 + 2359007?
2358948
In base 3, what is -10222001220110 - 10?
-10222001220120
In base 14, what is -45 + 3b292?
3b24b
In base 6, what is -3545 + 4513?
524
In base 16, what is 34 - 4e4c?
-4e18
In base 10, what is -23952677 - -8?
-23952669
In base 15, what is -1194 + 3642?
249d
In base 5, what is 140404010 + 3302?
140412312
In base 8, what is -150253 - -7460?
-140573
In base 9, what is -42100 + -56337?
-108437
In base 4, what is -20112 - 2230?
-23002
In base 5, what is 12332 + -1120002?
-1102120
In base 10, what is 991751 + 43?
991794
In base 9, what is -246611 + 1301?
-245310
In base 7, what is 20 + -35444454?
-35444434
In base 7, what is -106410351 - -5?
-106410343
In base 4, what is 110311333013 - -1011?
110312000030
In base 8, what is -350167 - -637?
-347330
In base 12, what is -7a11 - 39?
-7a4a
In base 6, what is -1452 + 421532?
420040
In base 14, what is a - -534a9d?
534aa9
In base 9, what is -4636 + -101583?
-106330
In base 10, what is 14464635 + -4?
14464631
In base 6, what is -5 + -401144103?
-401144112
In base 7, what is 10612 + -41600?
-30655
In base 7, what is 4 + -2240522206?
-2240522202
In base 8, what is -43532030 + -343?
-43532373
In base 11, what is -7 - 55910a4?
-5591100
In base 14, what is 99820 + -1?
9981d
In base 8, what is 0 - 14625173?
-14625173
In base 7, what is -1 - 332243302?
-332243303
In base 2, what is -10010100 - -10010111100110010?
10010111010011110
In base 5, what is 2402040 - 100314?
2301221
In base 4, what is 103122220123 + -1121?
103122213002
In base 10, what is 2 + -8232779?
-8232777
In base 8, what is -360 - -112176?
111616
In base 14, what is 619ab - 1b6?
617d5
In base 5, what is -2103300022 + 20?
-2103300002
In base 4, what is 1 - -231201322002?
231201322003
In base 7, what is 32 + 2325426?
2325461
In base 10, what is -4 - -11946091?
11946087
In base 13, what is 46b - -85c9?
8a67
In base 3, what is -1222022 - -11010100?
2011001
In base 7, what is 1014022 + -15343?
665346
In base 5, what is -212 + -2322133?
-2322400
In base 10, what is 8820426 - 5?
8820421
In base 8, what is -17370505 + -20?
-17370525
In base 14, what is -3c242c4 + -2b?
-3c24311
In base 15, what is -2eb85640 - 0?
-2eb85640
In base 4, what is 33 - 3021002100031?
-3021002033332
In base 2, what is -1001 + 110010100101000?
110010100011111
In base 15, what is -8648683 - -2?
-8648681
In base 16, what is 3d5 - 247b7?
-243e2
In base 7, what is 12 - -616600334?
616600346
In base 6, what is -1021152415 + -13?
-1021152432
In base 11, what is 1051 - -44992?
45a33
In base 4, what is 1 - -23300210211321?
23300210211322
In base 4, what is -101 - -2010113103331?
2010113103230
In base 14, what is 481 - -2833c?
287bd
In base 7, what is 55 + -1213201?
-1213113
In base 7, what is 6024 - -656343?
665400
In base 7, what is 1336632 + -445?
1336154
In base 14, what is -21c - 2da?
-518
In base 12, what is a + a82185?
a82193
In base 15, what is -5b92b - acb?
-5c507
In base 13, what is -3 - -3484c795?
3484c792
In base 15, what is -105ed - -1?
-105ec
In base 2, what is 10000000010110111110001010 - -101?
10000000010110111110001111
In base 9, what is -8 + 21686?
21677
In base 3, what is 12000000112 - 11?
12000000101
In base 11, what is 51773906 + -2?
51773904
In base 11, what is -19582a4 + 68?
-1958237
In base 7, what is -5 + 1342160032?
1342160024
In base 14, what is -c3 + -142b4a?
-142c2d
In base 4, what is 1122100 + -310022232?
-302300132
In base 3, what is -211122112 - 21102?
-211220221
In base 2, what is 10111001100111100 - -1111110?
10111001110111010
In base 10, what is -18 + 384227?
384209
In base 11, what is a9624696 - -2?
a9624698
In base 3, what is -121 + -2002221112022102?
-2002221112100000
In base 13, what is ac573b1 + 1?
ac573b2
In base 10, what is -39864978 + -2?
-39864980
In base 2, what is -11100111011 - -10001000110101110?
10000101001110011
In base 4, what is -1 - -231201311231?
231201311230
In base 9, what is -5 - 2280136?
-2280142
In base 3, what is 222012101 + 210101?
222222202
In base 15, what is 6d - -16c8d?
16d0b
In base 4, what is -12 + 33201322031?
33201322013
In base 6, what is -11104 - -140450?
125342
In base 6, what is 1 - -423410002?
423410003
In base 14, what is 2cd + 10256?
10545
In base 13, what is -b4090 + 1a?
-b4073
In base 16, what is -23e + 11432?
111f4
In base 3, what is 112012220121111 - 20?
112012220121021
In base 10, what is 140 + -1994155?
-1994015
In base 5, what is -1424443204 - -3?
-1424443201
In base 5, what is 30231 + -143212?
-112431
In base 10, what is -6680475 + -1?
-6680476
In base 15, what is 16bdab1c - -5?
16bdab22
In base 16, what is -329de4b - -7?
-329de44
In base 7, what is 164 - 2306064?
-2305600
In base 12, what is 751048 + -21?
751027
In base 2, what is -111101111110000 + 10011101?
-111101101010011
In base 3, what is -22012210001 - -21?
-22012202210
In base 7, what is 5536234 + -520?
5535414
In base 12, what is 147 - -17734?
1787b
In base 4, what is -3 + -20220022101?
-20220022110
In base 15, what is -b + 33a6b?
33a60
In base 4, what is 122032030200 - 12?
122032030122
In base 2, what is -10010 - 1100000001100000001010001?
-1100000001100000001100011
In base 12, what is 913 - -12749?
13460
In base 6, what is -1521512 + 351?
-1521121
In base 8, what is 21657 - -2354?
24233
In base 4, what is 1303020232223 + 10?
1303020232233
In base 12, what is -28 - 3b2049b?
-3b20507
In base 2, what is -1 - -1010001010000010?
1010001010000001
In base 8, what is -2 + 700023?
700021
In base 2, what is -1000000 - 1001100111?
-1010100111
In base 9, what is -436455 - 21?
-436476
In base 15, what is -76e59 - 235?
-7718e
In base 5, what is -331344443 + 31?
-331344412
In base 14, what is -2bc7 - 2410?
-51d7
In base 7, what is 3411524 + -226?
3411265
In base 11, what is -2a64 + -78780?
-80734
In base 7, what is 245 - 204440?
-204162
In base 8, what is -1131 - 47773?
-51124
In base 12, what is 3641a3 - 0?
3641a3
In base 8, what is 265153 + -3272?
261661
In base 3, what is -1021001112001 + -12?
-1021001112020
In base 7, what is 15440 + 43163?
61633
In base 9, what is -7702226 + -26?
-7702253
In base 9, what is -310 + 312718?
312408
In base 13, what is -23748 - 1138?
-24883
In base 8, what is 26327 - -404?
26733
In base 3, what is -200101111021122012 + -1?
-200101111021122020
In base 8, what is 1770435 - 224?
1770211
In base 7, what is 10106 - 461363?
-451254
In base 10, what is -8 + -2343952?
-2343960
In base 8, what is -70 - -4114445?
4114355
In base 4, what is 3201130220 - 2000?
3201122220
In base 13, what is 46898 + -66?
46832
In base 9, what is -82815401 + -12?
-82815413
In base 8, what is -26373 - -33533?
5140
In base 2, what is 1001101100001101010 - -1001011011?
1001101101011000101
In base 4, what is -130212311312 - -10?
-130212311302
In base 8, what is -2 + 5275630?
5275626
In base 11, what is 121730 - 6a?
121671
In base 16, what is 4 + 4abbd?
4abc1
In base 2, what is 10001 - -11000001011111001101?
11000001011111011110
In base 13, what is -68a96505 + 2?
-68a96503
In base 4, what is -22211132212 + 11?
-22211132201
In base 7, what is 615532246 + 4?
615532253
In base 3, what is -121221120112 + 100?
-121221120012
In base 14, what is -1b337354 - 3?
-1b337357
In base 16, what is -2a + 40bc6f?
40bc45
In base 16, what is -b - 64aa5?
-64ab0
In base 8, what is 301355 + -4072?
275263
In base 9, what is -2418524 + -10?
-2418534
In base 13, what is 2a33 + c26c?
11ca2
In base 9, what is 28027573 + -2?
28027571
In base 15, what is 1 + 5b2696?
5b2697
In base 4, what is -13 + -21202122231?
-21202122310
In base 3, what is 101100001212 + 1001?
101100002220
In base 5, what is -2 + 13222403344?
13222403342
In base 6, what is -21300 - 30511?
-52211
In base 8, what is -476264 - 75?
-476361
In base 5, what is -3 - 10342033323?
-103